nd 8?
2
Calculate the highest common factor of 39 and 897.
39
What is the highest common divisor of 6 and 75?
3
Calculate the highest common divisor of 20 and 1280.
20
Calculate the highest common factor of 2666 and 62.
62
What is the greatest common factor of 14 and 132?
2
What is the greatest common divisor of 9 and 18?
9
Calculate the highest common divisor of 56 and 3122.
14
What is the greatest common factor of 522 and 58?
58
What is the greatest common divisor of 32 and 208?
16
Calculate the highest common factor of 34465 and 113.
113
What is the greatest common divisor of 40236 and 28?
28
Calculate the highest common divisor of 31207 and 22.
11
Calculate the highest common factor of 48 and 4296.
24
Calculate the greatest common factor of 5 and 1.
1
Calculate the highest common divisor of 13 and 1235.
13
Calculate the greatest common factor of 2352 and 840.
168
What is the highest common factor of 126 and 3168?
18
What is the highest common divisor of 18 and 96?
6
What is the highest common divisor of 5258 and 11?
11
What is the highest common divisor of 162 and 2592?
162
What is the highest common divisor of 5146 and 2988?
166
What is the highest common factor of 448 and 210?
14
What is the greatest common divisor of 459 and 1323?
27
Calculate the highest common divisor of 32 and 1568.
32
Calculate the greatest common factor of 492 and 24.
12
Calculate the highest common divisor of 667 and 203.
29
What is the greatest common factor of 43343 and 178?
89
Calculate the highest common factor of 10 and 1345.
5
Calculate the greatest common divisor of 1248 and 32.
32
What is the highest common divisor of 95 and 1995?
95
Calculate the greatest common divisor of 108 and 22.
2
Calculate the highest common divisor of 442 and 3653.
13
Calculate the highest common divisor of 640 and 56.
8
Calculate the greatest common factor of 111 and 1628.
37
What is the greatest common factor of 128 and 10112?
128
What is the highest common factor of 18 and 14?
2
Calculate the greatest common divisor of 3081 and 9.
3
Calculate the greatest common divisor of 279 and 9.
9
Calculate the greatest common divisor of 55 and 77.
11
Calculate the greatest common factor of 858 and 198.
66
What is the highest common factor of 18 and 528?
6
What is the highest common divisor of 5 and 4?
1
Calculate the greatest common factor of 60 and 80.
20
Calculate the greatest common divisor of 358 and 10.
2
Calculate the highest common factor of 714 and 42.
42
Calculate the highest common factor of 4025 and 675.
25
Calculate the highest common divisor of 119 and 85.
17
What is the greatest common divisor of 6136 and 39?
13
Calculate the highest common factor of 32 and 182.
2
Calculate the highest common divisor of 1022 and 14.
14
Calculate the highest common divisor of 76 and 108.
4
What is the greatest common factor of 3650 and 50?
50
Calculate the highest common divisor of 12 and 1827.
3
What is the highest common factor of 540 and 3996?
108
What is the greatest common divisor of 213 and 2201?
71
What is the greatest common factor of 45 and 6?
3
Calculate the greatest common divisor of 82 and 10.
2
What is the greatest common divisor of 323 and 34?
17
Calculate the greatest common divisor of 7 and 1169.
7
What is the greatest common factor of 13 and 728?
13
Calculate the highest common divisor of 21 and 2373.
21
What is the highest common divisor of 112 and 8204?
28
Calculate the highest common factor of 400 and 250.
50
Calculate the highest common divisor of 1 and 1.
1
Calculate the highest common factor of 260 and 3536.
52
What is the greatest common divisor of 20 and 650?
10
Calculate the highest common factor of 33140 and 40.
20
Calculate the highest common factor of 10787 and 161.
161
Calculate the greatest common factor of 720 and 1152.
144
Calculate the highest common divisor of 144 and 432.
144
What is the greatest common divisor of 13750 and 50?
50
Calculate the greatest common divisor of 36 and 117.
9
Calculate the highest common divisor of 253 and 34661.
253
What is the highest common factor of 1140 and 120?
60
Calculate the highest common divisor of 12 and 372.
12
What is the greatest common factor of 5043 and 6?
3
Calculate the greatest common factor of 1403 and 92.
23
Calculate the greatest common factor of 144 and 8.
8
What is the greatest common factor of 40 and 740?
20
What is the highest common divisor of 16808 and 88?
88
What is the highest common divisor of 1961 and 106?
53
Calculate the greatest common factor of 7140 and 425.
85
What is the highest common factor of 200 and 590?
10
What is the highest common factor of 6004 and 790?
158
What is the highest common divisor of 165 and 30?
15
What is the greatest common divisor of 36586 and 22?
22
Calculate the highest common divisor of 36 and 2763.
9
What is the greatest common divisor of 648 and 48?
24
Calculate the greatest common factor of 667 and 406.
29
Calculate the greatest common factor of 2884 and 7.
7
What is the greatest common divisor of 265 and 20?
5
What is the highest common factor of 2610 and 90?
90
Calculate the highest common factor of 24 and 48.
24
Calculate the greatest common divisor of 8 and 6.
2
What is the highest common divisor of 18172 and 28?
28
Calculate the greatest common divisor of 3 and 237.
3
Calculate the highest common divisor of 32 and 8.
8
What is the highest common divisor of 1537 and 232?
29
What is the greatest common divisor of 288 and 128?
32
Calculate the highest common factor of 44 and 5632.
44
Calculate the greatest common factor of 507 and 39.
39
What is the highest common factor of 380 and 2584?
76
What is the highest common divisor of 15 and 705?
15
Calculate the greatest common divisor of 96 and 15.
3
Calculate the highest common divisor of 10291 and 41.
41
What is the greatest common factor of 147 and 3?
3
What is the highest common divisor of 760 and 1235?
95
Calculate the highest common factor of 35 and 455.
35
What is the greatest common divisor of 744 and 9?
3
Calculate the highest common divisor of 114 and 38.
38
Calculate the greatest common divisor of 18 and 558.
18
What is the highest common factor of 3304 and 56?
56
What is the highest common divisor of 616 and 42?
14
What is the highest common divisor of 126 and 483?
21
What is the greatest common factor of 36 and 14814?
18
Calculate the greatest common divisor of 2076 and 12.
12
What is the greatest common factor of 154 and 2420?
22
Calculate the highest common divisor of 2088 and 720.
72
What is the greatest common factor of 39 and 312?
39
What is the highest common divisor of 1350 and 10?
10
Calculate the greatest common divisor of 737 and 77.
11
What is the greatest common factor of 53 and 18868?
53
What is the greatest common divisor of 1606 and 352?
22
What is the greatest common factor of 867 and 204?
51
Calculate the highest common factor of 115 and 15.
5
What is the greatest common divisor of 2948 and 176?
44
Calculate the highest common divisor of 122 and 4.
2
Calculate the greatest common factor of 155 and 85.
5
What is the greatest common divisor of 275 and 20?
5
Calculate the highest common divisor of 44 and 8.
4
What is the greatest common divisor of 60122 and 46?
46
Calculate the highest common factor of 377 and 39.
13
What is the greatest common factor of 224 and 14?
14
Calculate the greatest common factor of 528 and 96.
48
Calculate the highest common divisor of 913 and 77.
11
What is the greatest common factor of 23 and 184?
23
What is the greatest common factor of 360 and 40?
40
Calculate the greatest common factor of 5135 and 65.
65
Calculate the highest common divisor of 7667 and 68.
17
Calculate the greatest common factor of 511 and 42.
7
What is the highest common divisor of 3142 and 6?
2
Calculate the greatest common divisor of 108 and 783.
27
Calculate the highest common divisor of 1992 and 24.
24
Calculate the greatest common divisor of 119 and 544.
17
Calculate the greatest common divisor of 115 and 55.
5
Calculate the greatest common factor of 2142 and 27.
9
Calculate the highest common factor of 6 and 786.
6
What is the greatest common factor of 144 and 112?
16
Calculate the highest common factor of 76 and 62548.
76
What is the greatest common divisor of 220 and 297?
11
What 